{"id":100,"date":"2019-08-07T14:27:13","date_gmt":"2019-08-07T12:27:13","guid":{"rendered":"http:\/\/janalik.cz\/?page_id=100"},"modified":"2019-08-08T12:49:09","modified_gmt":"2019-08-08T10:49:09","slug":"nase-mladi","status":"publish","type":"page","link":"https:\/\/janalik.cz\/index.php\/foto-video\/nase-mladi\/","title":{"rendered":"Na\u0161e ml\u00e1d\u00ed&#8230;"},"content":{"rendered":"<table id=\"table3\" border=\"0\">\n<tbody>\n<tr>\n<td align=\"right\" width=\"382\"><span style=\"font-family: Tahoma;\"><a href=\"https:\/\/photos.app.goo.gl\/NpLrULIZOPyNEVFv1\" target=\"_blank\" rel=\"noopener noreferrer\">rok 2000 <\/a><\/span><\/td>\n<td align=\"left\" width=\"408\"><span style=\"font-family: Tahoma;\"><a href=\"https:\/\/photos.app.goo.gl\/NpLrULIZOPyNEVFv1\" target=\"_blank\" rel=\"noopener noreferrer\">\u00a0Vojna, Zbyroh, KM<\/a><\/span><\/td>\n<\/tr>\n<tr>\n<td align=\"right\" width=\"382\"><span style=\"font-family: Tahoma;\"><a href=\"https:\/\/photos.app.goo.gl\/PhcxtRpSvCSkTZbl1\" target=\"_blank\" rel=\"noopener noreferrer\">1998 &gt;&gt;&gt; <\/a><\/span><\/td>\n<td align=\"left\" width=\"408\"><span style=\"font-family: Tahoma;\"><a href=\"https:\/\/photos.app.goo.gl\/PhcxtRpSvCSkTZbl1\" target=\"_blank\" rel=\"noopener noreferrer\">\u00a0St\u0159edn\u00ed \u0161kola mechatronik<\/a><\/span><\/td>\n<\/tr>\n<tr>\n<td align=\"right\" width=\"382\"><span style=\"font-family: Tahoma;\"><a href=\"https:\/\/photos.app.goo.gl\/fbegi4HTfx5EFFnN2\" target=\"_blank\" rel=\"noopener noreferrer\">1990 &gt;&gt;&gt; <\/a><\/span><\/td>\n<td align=\"left\" width=\"408\"><span style=\"font-family: Tahoma;\"><a href=\"https:\/\/photos.app.goo.gl\/fbegi4HTfx5EFFnN2\" target=\"_blank\" rel=\"noopener noreferrer\">\u00a0Teenage\u0159i<\/a><\/span><\/td>\n<\/tr>\n<tr>\n<td align=\"right\" width=\"382\"><span style=\"font-family: Tahoma;\"><a href=\"https:\/\/photos.app.goo.gl\/L9LLHQWR615tFGQU6\" target=\"_blank\" rel=\"noopener noreferrer\">1981<\/a><\/span><\/td>\n<td align=\"left\" width=\"408\"><span style=\"font-family: Tahoma;\"><a href=\"https:\/\/photos.app.goo.gl\/L9LLHQWR615tFGQU6\" target=\"_blank\" rel=\"noopener noreferrer\">\u00a0di\u00e1ky<\/a><\/span><\/td>\n<\/tr>\n<\/tbody>\n<\/table>\n","protected":false},"excerpt":{"rendered":"<p>rok 2000 \u00a0Vojna, Zbyroh, KM 1998 &gt;&gt;&gt; \u00a0St\u0159edn\u00ed \u0161kola mechatronik 1990 &gt;&gt;&gt; \u00a0Teenage\u0159i 1981 \u00a0di\u00e1ky<\/p>\n","protected":false},"author":1,"featured_media":0,"parent":10,"menu_order":0,"comment_status":"closed","ping_status":"closed","template":"","meta":{"footnotes":""},"_links":{"self":[{"href":"https:\/\/janalik.cz\/index.php\/wp-json\/wp\/v2\/pages\/100"}],"collection":[{"href":"https:\/\/janalik.cz\/index.php\/wp-json\/wp\/v2\/pages"}],"about":[{"href":"https:\/\/janalik.cz\/index.php\/wp-json\/wp\/v2\/types\/page"}],"author":[{"embeddable":true,"href":"https:\/\/janalik.cz\/index.php\/wp-json\/wp\/v2\/users\/1"}],"replies":[{"embeddable":true,"href":"https:\/\/janalik.cz\/index.php\/wp-json\/wp\/v2\/comments?post=100"}],"version-history":[{"count":7,"href":"https:\/\/janalik.cz\/index.php\/wp-json\/wp\/v2\/pages\/100\/revisions"}],"predecessor-version":[{"id":258,"href":"https:\/\/janalik.cz\/index.php\/wp-json\/wp\/v2\/pages\/100\/revisions\/258"}],"up":[{"embeddable":true,"href":"https:\/\/janalik.cz\/index.php\/wp-json\/wp\/v2\/pages\/10"}],"wp:attachment":[{"href":"https:\/\/janalik.cz\/index.php\/wp-json\/wp\/v2\/media?parent=100"}],"curies":[{"name":"wp","href":"https:\/\/api.w.org\/{rel}","templated":true}]}}