{"id":544,"date":"2021-03-04T09:09:56","date_gmt":"2021-03-04T08:09:56","guid":{"rendered":"http:\/\/janalik.cz\/?page_id=544"},"modified":"2026-01-17T09:31:55","modified_gmt":"2026-01-17T08:31:55","slug":"chilli_2024","status":"publish","type":"page","link":"https:\/\/janalik.cz\/index.php\/chilli_2024\/","title":{"rendered":"Chilli"},"content":{"rendered":"<p>&nbsp;<\/p>\n<table>\n<tbody>\n<tr>\n<td width=\"480\"><a href=\"http:\/\/janalik.cz\/wp-content\/uploads\/2022\/08\/svestkova_etiketa_60.jpg\"><img decoding=\"async\" loading=\"lazy\" class=\"aligncenter wp-image-647 size-medium\" src=\"http:\/\/janalik.cz\/wp-content\/uploads\/2022\/08\/svestkova_etiketa_60-300x300.jpg\" alt=\"\" width=\"300\" height=\"300\" srcset=\"https:\/\/janalik.cz\/wp-content\/uploads\/2022\/08\/svestkova_etiketa_60-300x300.jpg 300w, https:\/\/janalik.cz\/wp-content\/uploads\/2022\/08\/svestkova_etiketa_60-150x150.jpg 150w, https:\/\/janalik.cz\/wp-content\/uploads\/2022\/08\/svestkova_etiketa_60-100x100.jpg 100w, https:\/\/janalik.cz\/wp-content\/uploads\/2022\/08\/svestkova_etiketa_60.jpg 472w\" sizes=\"(max-width: 300px) 100vw, 300px\" \/><\/a><\/td>\n<td style=\"text-align: left;\" width=\"480\">\n<h3 style=\"text-align: center;\"><span style=\"text-decoration: underline;\"><strong>\u0160vestkov\u00e1 chilli om\u00e1\u010dka<\/strong><\/span><\/h3>\n<p style=\"text-align: center;\"><span style=\"text-decoration: underline;\">Slo\u017een\u00ed<\/span>: \u0161vestky, cibule, raj\u010data, \u010desnek, \u010derv. v\u00edno, \u010dokol\u00e1da z\u00e1zvor, s\u016fl, chilli papri\u010dky, sm\u011bs ko\u0159en\u00ed.<\/p>\n<p style=\"text-align: center;\">Stupe\u0148 p\u00e1livosti: 3\/5<\/p>\n<p style=\"text-align: center;\">Obsah 165ml\u00a0 \u00a0&#8211;\u00a0 \u00a0120K\u010d<\/p>\n<\/td>\n<\/tr>\n<tr>\n<td width=\"480\"><a href=\"http:\/\/janalik.cz\/wp-content\/uploads\/2022\/08\/zeleninova_etiketa_60.jpg\"><img decoding=\"async\" loading=\"lazy\" class=\"aligncenter wp-image-689 size-medium\" src=\"http:\/\/janalik.cz\/wp-content\/uploads\/2022\/08\/zeleninova_etiketa_60-300x300.jpg\" alt=\"\" width=\"300\" height=\"300\" srcset=\"https:\/\/janalik.cz\/wp-content\/uploads\/2022\/08\/zeleninova_etiketa_60-300x300.jpg 300w, https:\/\/janalik.cz\/wp-content\/uploads\/2022\/08\/zeleninova_etiketa_60-150x150.jpg 150w, https:\/\/janalik.cz\/wp-content\/uploads\/2022\/08\/zeleninova_etiketa_60-100x100.jpg 100w, https:\/\/janalik.cz\/wp-content\/uploads\/2022\/08\/zeleninova_etiketa_60.jpg 472w\" sizes=\"(max-width: 300px) 100vw, 300px\" \/><\/a><\/td>\n<td style=\"text-align: left;\" width=\"480\">\n<h3 style=\"text-align: center;\"><span style=\"text-decoration: underline;\"><strong>Zeleninov\u00e1 chilli om\u00e1\u010dka<\/strong><\/span><\/h3>\n<p style=\"text-align: center;\"><span style=\"text-decoration: underline;\">Slo\u017een\u00ed<\/span>: raj\u010data, papriky, cuketa, cibule, mrkev, \u010desnek, b\u00edl\u00e9 v\u00edno, cukr citron, chilli papri\u010dky, sm\u011bs ko\u0159en\u00ed<\/p>\n<p style=\"text-align: center;\">Stupe\u0148 p\u00e1livosti: 4\/5<\/p>\n<p style=\"text-align: center;\">Obsah 165ml\u00a0 \u00a0&#8211;\u00a0 \u00a0120K\u010d<\/p>\n<\/td>\n<\/tr>\n<tr>\n<td width=\"480\"><img decoding=\"async\" loading=\"lazy\" class=\"wp-image-824 size-medium aligncenter\" src=\"http:\/\/janalik.cz\/wp-content\/uploads\/2023\/08\/Cibulove_chutney-300x300.jpg\" alt=\"\" width=\"300\" height=\"300\" srcset=\"https:\/\/janalik.cz\/wp-content\/uploads\/2023\/08\/Cibulove_chutney-300x300.jpg 300w, https:\/\/janalik.cz\/wp-content\/uploads\/2023\/08\/Cibulove_chutney-150x150.jpg 150w, https:\/\/janalik.cz\/wp-content\/uploads\/2023\/08\/Cibulove_chutney-100x100.jpg 100w, https:\/\/janalik.cz\/wp-content\/uploads\/2023\/08\/Cibulove_chutney.jpg 472w\" sizes=\"(max-width: 300px) 100vw, 300px\" \/><\/td>\n<td style=\"text-align: left;\" width=\"480\">\n<h3 style=\"text-align: center;\"><span style=\"text-decoration: underline;\"><strong>Cibulov\u00e9 chutney<\/strong><\/span><\/h3>\n<p style=\"text-align: center;\"><span style=\"text-decoration: underline;\">Slo\u017een\u00ed<\/span>: \u010derven\u00e1 cibule, z\u00e1zvor, \u010derven\u00e9 v\u00edno, cukr, chilli papri\u010dky, sm\u011bs ko\u0159en\u00ed.<\/p>\n<p style=\"text-align: center;\">Stupe\u0148 p\u00e1livosti: 4\/5<\/p>\n<p style=\"text-align: center;\">Obsah 165ml\u00a0 \u00a0&#8211;\u00a0 \u00a0120K\u010d<\/p>\n<\/td>\n<\/tr>\n<tr>\n<td width=\"480\"><img decoding=\"async\" loading=\"lazy\" class=\"wp-image-929 size-medium aligncenter\" src=\"http:\/\/janalik.cz\/wp-content\/uploads\/2024\/08\/63_5-x-29_6-300x140.jpg\" alt=\"\" width=\"300\" height=\"140\" srcset=\"https:\/\/janalik.cz\/wp-content\/uploads\/2024\/08\/63_5-x-29_6-300x140.jpg 300w, https:\/\/janalik.cz\/wp-content\/uploads\/2024\/08\/63_5-x-29_6.jpg 750w\" sizes=\"(max-width: 300px) 100vw, 300px\" \/><\/td>\n<td style=\"text-align: left;\" width=\"480\">\n<h3 style=\"text-align: center;\"><span style=\"text-decoration: underline;\"><strong>Mlet\u00e9 chilli<\/strong><\/span><\/h3>\n<p style=\"text-align: center;\">Su\u0161en\u00e9 Chilli papri\u010dky<\/p>\n<p style=\"text-align: center;\">500 000 a\u017e 1 000 000 SHU<\/p>\n<p style=\"text-align: center;\">Stupe\u0148 p\u00e1livosti: 5\/5<\/p>\n<p style=\"text-align: center;\">Obsah 10g\u00a0 \u00a0&#8211;\u00a0 \u00a0100K\u010d<\/p>\n<\/td>\n<\/tr>\n<\/tbody>\n<\/table>\n<tr>\n<td align=\"left\" width=\"300\"><span style=\"font-family: Tahoma;\"><a href=\"https:\/\/photos.app.goo.gl\/JzA2S5xwfjtRoudr8\" target=\"_blank\" rel=\"noopener noreferrer\"> Chilli plody<\/a><br \/>\n<\/span><\/td>\n<\/tr>\n<p>&nbsp;<\/p>\n","protected":false},"excerpt":{"rendered":"<p>&nbsp; \u0160vestkov\u00e1 chilli om\u00e1\u010dka Slo\u017een\u00ed: \u0161vestky, cibule, raj\u010data, \u010desnek, \u010derv. v\u00edno, \u010dokol\u00e1da z\u00e1zvor, s\u016fl, chilli papri\u010dky, sm\u011bs ko\u0159en\u00ed. Stupe\u0148 p\u00e1livosti: 3\/5 Obsah 165ml\u00a0 \u00a0&#8211;\u00a0 \u00a0120K\u010d Zeleninov\u00e1 chilli om\u00e1\u010dka Slo\u017een\u00ed: raj\u010data, papriky, cuketa, cibule, mrkev, \u010desnek, b\u00edl\u00e9 v\u00edno, cukr citron, chilli papri\u010dky, sm\u011bs ko\u0159en\u00ed Stupe\u0148 p\u00e1livosti: 4\/5 Obsah 165ml\u00a0 \u00a0&#8211;\u00a0 \u00a0120K\u010d Cibulov\u00e9 chutney Slo\u017een\u00ed: \u010derven\u00e1 cibule, &hellip; <\/p>\n<p class=\"link-more\"><a href=\"https:\/\/janalik.cz\/index.php\/chilli_2024\/\" class=\"more-link\">Pokra\u010dovat ve \u010dten\u00ed<span class=\"screen-reader-text\"> &#8220;Chilli&#8221;<\/span><\/a><\/p>\n","protected":false},"author":1,"featured_media":0,"parent":0,"menu_order":0,"comment_status":"closed","ping_status":"closed","template":"","meta":{"footnotes":""},"_links":{"self":[{"href":"https:\/\/janalik.cz\/index.php\/wp-json\/wp\/v2\/pages\/544"}],"collection":[{"href":"https:\/\/janalik.cz\/index.php\/wp-json\/wp\/v2\/pages"}],"about":[{"href":"https:\/\/janalik.cz\/index.php\/wp-json\/wp\/v2\/types\/page"}],"author":[{"embeddable":true,"href":"https:\/\/janalik.cz\/index.php\/wp-json\/wp\/v2\/users\/1"}],"replies":[{"embeddable":true,"href":"https:\/\/janalik.cz\/index.php\/wp-json\/wp\/v2\/comments?post=544"}],"version-history":[{"count":73,"href":"https:\/\/janalik.cz\/index.php\/wp-json\/wp\/v2\/pages\/544\/revisions"}],"predecessor-version":[{"id":1043,"href":"https:\/\/janalik.cz\/index.php\/wp-json\/wp\/v2\/pages\/544\/revisions\/1043"}],"wp:attachment":[{"href":"https:\/\/janalik.cz\/index.php\/wp-json\/wp\/v2\/media?parent=544"}],"curies":[{"name":"wp","href":"https:\/\/api.w.org\/{rel}","templated":true}]}}