{"id":96,"date":"2019-08-07T14:25:55","date_gmt":"2019-08-07T12:25:55","guid":{"rendered":"http:\/\/janalik.cz\/?page_id=96"},"modified":"2021-04-08T15:53:04","modified_gmt":"2021-04-08T13:53:04","slug":"bydleni","status":"publish","type":"page","link":"https:\/\/janalik.cz\/index.php\/foto-video\/bydleni\/","title":{"rendered":"Bydlen\u00ed"},"content":{"rendered":"<table border=\"0\">\n<tbody>\n<tr>\n<td align=\"left\" width=\"150\"><span style=\"font-family: Tahoma;\">2021<\/span><\/td>\n<\/tr>\n<tr>\n<td align=\"right\" width=\"100\"><span style=\"font-family: Tahoma;\"><a href=\"https:\/\/photos.app.goo.gl\/EtjcaKEYoWhJZffYA\" target=\"_blank\" rel=\"noopener noreferrer\">4. 2021<\/a><\/span><\/td>\n<td align=\"left\" width=\"300\"><span style=\"font-family: Tahoma;\"><a href=\"https:\/\/photos.app.goo.gl\/EtjcaKEYoWhJZffYA\" target=\"_blank\" rel=\"noopener noreferrer\">\u00a0Stavba kurn\u00edku<\/a><\/span><\/td>\n<\/tr>\n<tr>\n<td align=\"left\" width=\"150\"><span style=\"font-family: Tahoma;\">2017<\/span><\/td>\n<\/tr>\n<tr>\n<td align=\"right\" width=\"100\"><span style=\"font-family: Tahoma;\"><a href=\"https:\/\/photos.app.goo.gl\/06ngEl8PL45I0LQV2\" target=\"_blank\" rel=\"noopener noreferrer\">5. 2015 &gt;&gt;&gt;&gt;<\/a><\/span><\/td>\n<td align=\"left\" width=\"300\"><span style=\"font-family: Tahoma;\"><a href=\"https:\/\/photos.app.goo.gl\/06ngEl8PL45I0LQV2\" target=\"_blank\" rel=\"noopener noreferrer\">\u00a0Rekonstrukce domu \u017dopy II<\/a><\/span><\/td>\n<\/tr>\n<tr>\n<td align=\"right\" width=\"100\"><span style=\"font-family: Tahoma;\"><a href=\"https:\/\/photos.app.goo.gl\/H1FOJVaR3MJVOJSx2\" target=\"_blank\" rel=\"noopener noreferrer\">6. 2011 &gt; 5. 2015<\/a><\/span><\/td>\n<td align=\"left\" width=\"300\"><span style=\"font-family: Tahoma;\"><a href=\"https:\/\/photos.app.goo.gl\/H1FOJVaR3MJVOJSx2\" target=\"_blank\" rel=\"noopener noreferrer\">\u00a0Rekonstrukce domu \u017dopy I<\/a><\/span><\/td>\n<\/tr>\n<tr>\n<td align=\"left\" width=\"150\"><span style=\"font-family: Tahoma;\">2011<\/span><\/td>\n<\/tr>\n<tr>\n<td align=\"right\" width=\"100\"><span style=\"font-family: Tahoma;\"><a href=\"https:\/\/photos.app.goo.gl\/KcBUzjaDoc1zHKvH3\" target=\"_blank\" rel=\"noopener noreferrer\">2011<\/a><\/span><\/td>\n<td align=\"left\" width=\"300\"><span style=\"font-family: Tahoma;\"><a href=\"https:\/\/photos.app.goo.gl\/KcBUzjaDoc1zHKvH3\" target=\"_blank\" rel=\"noopener noreferrer\">\u00a0Stav\u011bn\u00ed pergoly \u017dopy<\/a><\/span><\/td>\n<\/tr>\n<tr>\n<td align=\"left\" width=\"150\"><span style=\"font-family: Tahoma;\">2007<\/span><\/td>\n<\/tr>\n<tr>\n<td align=\"right\" width=\"100\"><span style=\"font-family: Tahoma;\"><a href=\"https:\/\/photos.app.goo.gl\/3U3k758GBSzQMEhV2\" target=\"_blank\" rel=\"noopener noreferrer\">2007<\/a><\/span><\/td>\n<td align=\"left\" width=\"300\"><span style=\"font-family: Tahoma;\"><a href=\"https:\/\/photos.app.goo.gl\/3U3k758GBSzQMEhV2\" target=\"_blank\" rel=\"noopener noreferrer\">\u00a0Rekonstrukce bytu v Hul\u00edn\u011b<\/a><\/span><\/td>\n<\/tr>\n<\/tbody>\n<\/table>\n","protected":false},"excerpt":{"rendered":"<p>2021 4. 2021 \u00a0Stavba kurn\u00edku 2017 5. 2015 &gt;&gt;&gt;&gt; \u00a0Rekonstrukce domu \u017dopy II 6. 2011 &gt; 5. 2015 \u00a0Rekonstrukce domu \u017dopy I 2011 2011 \u00a0Stav\u011bn\u00ed pergoly \u017dopy 2007 2007 \u00a0Rekonstrukce bytu v Hul\u00edn\u011b<\/p>\n","protected":false},"author":1,"featured_media":0,"parent":10,"menu_order":0,"comment_status":"closed","ping_status":"closed","template":"","meta":{"footnotes":""},"_links":{"self":[{"href":"https:\/\/janalik.cz\/index.php\/wp-json\/wp\/v2\/pages\/96"}],"collection":[{"href":"https:\/\/janalik.cz\/index.php\/wp-json\/wp\/v2\/pages"}],"about":[{"href":"https:\/\/janalik.cz\/index.php\/wp-json\/wp\/v2\/types\/page"}],"author":[{"embeddable":true,"href":"https:\/\/janalik.cz\/index.php\/wp-json\/wp\/v2\/users\/1"}],"replies":[{"embeddable":true,"href":"https:\/\/janalik.cz\/index.php\/wp-json\/wp\/v2\/comments?post=96"}],"version-history":[{"count":5,"href":"https:\/\/janalik.cz\/index.php\/wp-json\/wp\/v2\/pages\/96\/revisions"}],"predecessor-version":[{"id":554,"href":"https:\/\/janalik.cz\/index.php\/wp-json\/wp\/v2\/pages\/96\/revisions\/554"}],"up":[{"embeddable":true,"href":"https:\/\/janalik.cz\/index.php\/wp-json\/wp\/v2\/pages\/10"}],"wp:attachment":[{"href":"https:\/\/janalik.cz\/index.php\/wp-json\/wp\/v2\/media?parent=96"}],"curies":[{"name":"wp","href":"https:\/\/api.w.org\/{rel}","templated":true}]}}